j). Calculate the remainder when 1004 is divided by n(-3).
14
Calculate the remainder when 449 is divided by (-50)/475 + 5 + 3080/19.
115
Let b be 17/(-85) + 102/10. Suppose f - 29 = -b*r + 5*r, 3*f - 11 = 4*r. What is the remainder when 70 is divided by f?
7
Suppose 0 = 3*x - 3*j - 54, 5*j = -x + 3*x - 21. Suppose 20*b - 1016 - 664 = 0. Calculate the remainder when b is divided by x.
15
Let m = 13745 - 12639. Calculate the remainder when m is divided by 140.
126
Suppose -6*q = -4*h - 9*q + 96, -2*h - q + 50 = 0. Calculate the remainder when 12986 is divided by h.
26
Let h be 0 - -3 - 1*(92 + 6). Let d = -67 - h. What is the remainder when d is divided by 14?
0
Let l(p) = -6*p - 17. Let r = 8 - 21. Calculate the remainder when l(r) is divided by 1*(-8)/32*-68.
10
Let y(j) = -21*j + 293. Calculate the remainder when y(8) is divided by 9.
8
Let w(d) = -d**2 + 50*d - 152. Let i be w(46). Calculate the remainder when ((-16)/i)/(2/(-40)) is divided by (-88)/(-14) - (-4)/(-14).
4
Calculate the remainder when (-21)/(735/(-49250)) + 3/42*12 is divided by 2.
0
Suppose 12*s = -20*s + 2976. What is the remainder when 130 is divided by (-8)/(-124) - (-3249)/s?
25
Suppose 30*n - 313 - 17147 = 0. Suppose 5*u + n = 4*d, -u = -5*d + 849 - 111. What is the remainder when d is divided by 5?
3
Let x(o) = -27*o + 6*o**2 - 5 - o**3 + 13*o + 19*o. Calculate the remainder when 71 is divided by x(6).
21
Suppose 0 = -4*c + 4*b + 12, 2*c - b - 5 = -0. Let m(n) = -n**3 + 6*n**2 + 2*n - 4. What is the remainder when (-77)/(-2) - 3/c is divided by m(6)?
5
What is the remainder when 108 is divided by -82*(14 - 3)/(-22)?
26
What is the remainder when 125 is divided by (8940/(-2086))/((-10)/112)?
29
Let z(h) = 30*h + 392. Calculate the remainder when (24/(-4))/(-3) - -51 is divided by z(-12).
21
Let v(r) = 10*r**2 + 4*r + 10. Let p be v(3). Suppose 12*b - 5*b - p = 0. Calculate the remainder when 186 is divided by b.
10
Suppose -w = 5*l - 151, -3*l + 6*l + 3*w - 81 = 0. Let c(b) = 6*b**2 + 323*b - 1284. Calculate the remainder when c(4) is divided by l.
11
Suppose 75 = 4*x - 5*g, -3*x + 65 = 5*g - 7*g. Suppose x*p - 1706 - 3219 = 0. What is the remainder when p is divided by 65?
2
Let t = -3818 + 3875. What is the remainder when t is divided by 22?
13
Suppose 0 = -78*v - 98*v + 11440. Calculate the remainder when 3116 is divided by v.
61
Suppose -4*z = q - 46, -2*z + 25 + 5 = -3*q. Suppose 0 = 2*c + 3*c + 3*t - 326, 2*t + 60 = c. Let f = z + c. Calculate the remainder when f is divided by 28.
20
Let u(g) = -75*g - 2220. What is the remainder when u(-35) is divided by 94?
29
Let r be (-36)/(-24) + ((-3)/2)/(-3). Let p(h) = 2*h**r - 10 - 8*h + h - 1 + 5*h. What is the remainder when p(-4) is divided by 10?
9
What is the remainder when 425 is divided by (-554)/(-4) + 129/86?
5
Suppose 2*x - d - 1521 = 0, 5*d + 2687 = -13*x + 12516. What is the remainder when x is divided by 156?
134
Suppose 4*f - k = 3, -3*f - 2*k + 11 + 5 = 0. Suppose 22*l - 5*i = 27*l - 115, 5*i = -3*l + 67. Calculate the remainder when l is divided by f.
0
Let u = 268 + -163. Suppose 3*g + y - u = 2, -5*g - y + 179 = 0. Let o = 39 + g. Calculate the remainder when o is divided by 19.
18
Suppose -15807 = -45*c + 35417 + 49126. What is the remainder when c is divided by 11?
8
Let w(n) = -n**3 + 5*n**2 + 13*n + 4. Let f be w(-2). Let o(i) = -i**3 + 8*i**2 - 6*i - 1. Calculate the remainder when o(f) is divided by 23.
12
Let p(q) = -9*q**2 + 61*q + 10. Let x be p(14). Let f = 928 + x. Calculate the remainder when f is divided by -1 + 2/(-1)*-2.
1
Let u(s) = -s**2 - 11*s - 11. Let j be u(-9). Let c be 2/j - (1 + (-12)/7). What is the remainder when 31 is divided by (-4)/(-28) - ((-125)/7 - c)?
12
Suppose 0 = -6*z - 14*z + 36 + 4. Calculate the remainder when (11/2)/((-5)/(-10)) is divided by z.
1
Let q(g) = 4*g**3 - 27*g**2 + 117*g + 11. What is the remainder when q(5) is divided by 140?
1
Let m = 272 - 272. Suppose 3*u = 2*u - 4*w + 13, m = 3*w. What is the remainder when 42 is divided by u?
3
Let x(c) = -5*c**2 + 243*c - 10. Calculate the remainder when x(48) is divided by 51.
32
Let l be (384/(-10))/((-14)/(-5) + -3). Suppose 12*k - 28*k + l = 0. Calculate the remainder when 55 is divided by k.
7
Let v(c) = c**2 + 70*c + 1220. What is the remainder when 543 is divided by v(-27)?
12
Let u(y) = y**3 + 7*y**2 - y + 4. What is the remainder when u(-6) is divided by (18/12 - 3)/(-15 - 9711/(-650))?
21
Suppose 30*x + 3*r - 177 = 27*x, -10 = 2*r. What is the remainder when 150 is divided by x?
22
Suppose 0 = -q + 2*j + 32, -3*q + 49 + 80 = 5*j. Calculate the remainder when 5964 is divided by q.
36
Let z = 8368 + -7104. Calculate the remainder when z is divided by 251.
9
Let v = 8693 + -8688. Let b(m) = m**3 - m**2 - 4*m + 3. What is the remainder when b(3) is divided by v?
4
Let c be ((-3)/(-2))/(2/12). Suppose 0 = -5*h + 5*q - 9*q + 94, -4*h - q = -62. Suppose -h + c = -5*u. Calculate the remainder when 1 is divided by u.
0
Let a(m) = 5*m - 11. Suppose -303 = -5*h - 5*v + 92, 162 = 2*h - 2*v. What is the remainder when h is divided by a(5)?
10
Suppose 0*w - 4*w + 64 = 0. Let c = 316 - 307. Suppose 0 = -c*x + 13*x - 304. What is the remainder when x is divided by w?
12
Suppose 5*a - 180 = 3*u, -72*a + 76*a = u + 151. Calculate the remainder when 855 is divided by a.
36
Let a = -23 + 31. Suppose 25 = 2*m - 3*x, a*m + x = 3*m + 54. Let f = -92 + 110. What is the remainder when f is divided by m?
7
Suppose 4*s - 138*p + 137*p = 1358, -3*s - 5*p = -1030. Calculate the remainder when 1382 is divided by s.
22
Suppose 0 = 5*m + 11 - 26. Suppose -g - 5*f + 87 = m*g, 2*g - 2*f - 66 = 0. Calculate the remainder when 94 is divided by g.
10
Suppose 0*w = -2*w - 30. Calculate the remainder when 6/w + 4866/15 + -6 is divided by 80.
78
Let b be 1 + (-2)/(-1) + -6. Suppose 9 = 9*d - 90. What is the remainder when d is divided by -6*b/6*1?
2
Suppose -20*p - 4853 = -18893. Calculate the remainder when p is divided by 2.
0
Let q be 21 + (-5 - -1) + -3. Suppose 3*v = -4 - q. Calculate the remainder when 59 is divided by 11 - -3 - (v - -5).
14
Let c be (5535/(-45))/(-1 + 14/8). Let u = 361 + c. Calculate the remainder when u is divided by 9.
8
What is the remainder when 723 is divided by 12/42 + (22/21)/(16/408)?
21
Suppose -13*y + 93 - 1055 = 0. Let s = y - -77. Calculate the remainder when s is divided by 1.
0
Let g(s) = -6*s**2 - 357*s - 1854. Suppose 5*q = 3*q + 40. What is the remainder when g(-8) is divided by q?
18
Suppose 4*x = 8*x - 4, -z + 7 = 3*x. Suppose n - 206 = -2*i - 3*n, -509 = -5*i - z*n. Calculate the remainder when i is divided by 52.
49
Let h(i) = i**3 + 23*i**2 + 38*i + 24. Let l be h(-12). Suppose -7*a - l = -19*a. What is the remainder when a is divided by 20?
16
Suppose 22*h = -21*h + 14*h + 1421. Calculate the remainder when 194 is divided by h.
47
Suppose 5*s = 4*b + 29, -5*s - 2*b - 61 = -114. What is the remainder when -1 + 2 + -124*s/(-12) is divided by 48?
46
Suppose -492*l = -362*l - 117000. What is the remainder when l is divided by 82?
80
Suppose 36*n = -51*n + 1305. Let h(v) = 373*v**2 - v. Calculate the remainder when h(1) is divided by n.
12
Suppose 0*n - 3*y = -4*n + 14, -n = y. Suppose x + q = 26, 0 = -n*x - 3*q + 54. Calculate the remainder when 68 is divided by x.
20
Let n(m) = 3*m**2 - 7*m - 1. Let b = -3 + 8. Let t = 25942 - 25788. What is the remainder when t is divided by n(b)?
37
Suppose 24*u = 27*u - 15. Suppose -u = -5*o + 75. What is the remainder when 42 is divided by o?
10
Calculate the remainder when ((-170)/(5 + -10))/((-4)/(-66)) is divided by 12.
9
Suppose 5*s = -2*u - 225 + 2411, 3*u + s = 3240. Calculate the remainder when u is divided by 13.
12
Calculate the remainder when ((-24)/14)/(47/(-7238)) is divided by (-171)/3*(-4)/6.
36
Calculate the remainder when 715 is divided by 10*(-2 + 0/1 + 6).
35
Let q(k) = -k**3 + 7*k**2 + 20*k + 10. Calculate the remainder when 726 is divided by q(9).
26
Let v = 2075 + -2067. Let f = -10 + 12. What is the remainder when v is divided by f?
0
Suppose 5*y - 507 = -j, -3*y = 5*j + 2*y - 2455. Suppose 2*n + j = 3*c, 10*n - 9*n + 5 = 0. What is the remainder when c is divided by 82?
77
Suppose 2*w - 4*x - 20 = 0, -32 = -6*w + w + x. Suppose w*z 